23766864.
2, 131, 106759
What are the prime factors of 492701919?
3, 164233973
What are the prime factors of 57551395?
5, 11, 1046389
What are the prime factors of 5059070467?
11, 103, 4465199
What are the prime factors of 4155445335?
3, 5, 277029689
List the prime factors of 396741185.
5, 19, 163, 25621
List the prime factors of 94380222.
2, 3, 15730037
What are the prime factors of 8608857?
3, 271, 10589
List the prime factors of 2186017.
47, 46511
List the prime factors of 190750392.
2, 3, 7, 37, 53, 193
What are the prime factors of 968568829?
17, 181, 314777
List the prime factors of 109665629.
1373, 79873
List the prime factors of 183870562.
2, 19, 4838699
What are the prime factors of 13013638?
2, 11, 103, 5743
List the prime factors of 1840949877.
3, 13, 23, 79, 83, 313
What are the prime factors of 198060521?
23, 109, 199, 397
List the prime factors of 3819361448.
2, 7, 31, 314299
What are the prime factors of 5521090375?
5, 73, 605051
What are the prime factors of 1069717049?
131, 8165779
What are the prime factors of 4290605486?
2, 17, 83, 1061, 1433
List the prime factors of 2263941353.
1709, 1324717
What are the prime factors of 590302249?
967, 610447
What are the prime factors of 310888039?
7, 11, 4037507
What are the prime factors of 642451934?
2, 321225967
What are the prime factors of 2980721755?
5, 11, 521, 104021
What are the prime factors of 195544858?
2, 97772429
What are the prime factors of 175228232?
2, 307, 71347
What are the prime factors of 500998522?
2, 1697, 147613
What are the prime factors of 30510268?
2, 89, 85703
What are the prime factors of 802663931?
5399, 148669
What are the prime factors of 5846022434?
2, 7, 59, 7077509
What are the prime factors of 2571617332?
2, 642904333
List the prime factors of 1910911481.
1910911481
What are the prime factors of 1398184823?
7, 37, 163, 33119
List the prime factors of 33970349.
7, 139, 34913
List the prime factors of 1383774081.
3, 61, 211, 35837
What are the prime factors of 806934273?
3, 347, 775153
What are the prime factors of 2860522089?
3, 953507363
List the prime factors of 188678930.
2, 5, 11, 19, 29, 283
What are the prime factors of 672080470?
2, 5, 23, 293, 9973
What are the prime factors of 41006073?
3, 163, 83857
List the prime factors of 15740434.
2, 79, 99623
List the prime factors of 27110103.
3, 149, 60649
List the prime factors of 468578766.
2, 3, 6991, 11171
What are the prime factors of 5188205936?
2, 43, 7540997
List the prime factors of 77305405.
5, 653, 23677
List the prime factors of 207292710.
2, 3, 5, 701, 9857
List the prime factors of 196049.
7, 4001
What are the prime factors of 1307222624?
2, 40850707
What are the prime factors of 44656515?
3, 5, 71, 1553
What are the prime factors of 182593523?
7, 43, 547, 1109
What are the prime factors of 122476492?
2, 30619123
List the prime factors of 4578628446.
2, 3, 7, 23, 67, 23581
What are the prime factors of 15739517?
15739517
What are the prime factors of 315401642?
2, 157700821
What are the prime factors of 38981095?
5, 47, 165877
List the prime factors of 11655986.
2, 23, 479
List the prime factors of 39515237.
43, 918959
List the prime factors of 1318209667.
1318209667
What are the prime factors of 635118788?
2, 283, 561059
What are the prime factors of 18008444?
2, 193, 23327
List the prime factors of 1506983114.
2, 7, 13, 8280127
What are the prime factors of 132702359?
523, 253733
List the prime factors of 102048788.
2, 25512197
List the prime factors of 6366522.
2, 3, 1061087
What are the prime factors of 4249297083?
3, 1416432361
List the prime factors of 34875117.
3, 143519
List the prime factors of 524397373.
524397373
What are the prime factors of 9936603?
3, 59, 18713
List the prime factors of 135215917.
109, 541, 2293
What are the prime factors of 1851213133?
7, 11, 487, 49367
List the prime factors of 93948814.
2, 46974407
List the prime factors of 157634016.
2, 3, 1642021
List the prime factors of 310304756.
2, 29, 271, 9871
What are the prime factors of 556522186?
2, 11, 281, 90023
What are the prime factors of 88914434?
2, 7, 6351031
What are the prime factors of 36103826?
2, 11, 61, 26903
What are the prime factors of 1216240983?
3, 135137887
List the prime factors of 2474476232.
2, 37, 8359717
List the prime factors of 1179799708.
2, 294949927
What are the prime factors of 62001786?
2, 3, 7, 11, 43, 3121
List the prime factors of 146387106.
2, 3, 8132617
List the prime factors of 195196018.
2, 647, 150847
List the prime factors of 394280579.
7, 11, 241, 21247
List the prime factors of 4977341725.
5, 131, 569, 2671
List the prime factors of 331262874.
2, 3, 67, 274679
List the prime factors of 44352429.
3, 11, 61, 2003
List the prime factors of 1412704507.
1412704507
What are the prime factors of 42932134?
2, 7, 19, 23057
What are the prime factors of 18560615?
5, 73, 211, 241
List the prime factors of 167775745.
5, 33555149
What are the prime factors of 1254130382?
2, 1693, 370387
List the prime factors of 264493620.
2, 3, 5, 489803
List the prime factors of 48531312.
2, 3, 37447
List the prime factors of 12235181.
7, 47, 37189
What are the prime factors of 7643211819?
3, 2547737273
What are the prime factors of 5160858767?
631, 8178857
What are the prime factors of 687937631?
647, 1063273
List the prime factors of 8649114472.
2, 1081139309
What are the prime factors of 1310192891?
7, 71, 2636203
List the prime factors of 53498091.
3, 19, 938563
What are the prime factors of 159500298?
2, 3, 26583383
List the prime factors of 62919671.
5179, 12149
What are the prime factors of 1972763867?
251, 7859617
List the prime factors of 4725415009.
7, 2477, 38933
What are the prime factors of 135162504?
2, 3, 19, 29, 3407
What are the prime factors of 48555245?
5, 101, 96149
List the prime factors of 209709515.
5, 23, 431, 4231
List the prime factors of 41003244.
2, 3, 1138979
What are the prime factors of 950920974?
2, 3, 401, 131743
List the prime factors of 591542374.
2, 179, 1652353
What are the prime factors of 4429206691?
7, 13, 241, 201961
List the prime factors of 151559537.
47, 347, 9293
List the prime factors of 155328220.
2, 5, 37, 79, 2657
What are the prime factors of 731116130?
2, 5, 409, 178757
What are the prime factors of 3126277556?
2, 19, 37, 337, 3299
What are the prime factors of 13654212?
2, 3, 11, 13, 73, 109
What are the prime factors of 2502801073?
1801, 1389673
List the prime factors of 1198539991.
11, 269, 405049
List the prime factors of 10722607.
7, 41, 37361
What are the prime factors of 44970522?
2, 3, 31, 41, 5897
What are the prime factors of 7058218?
2, 3529109
What are the prime factors of 23439902?
2, 43, 191, 1427
What are the prime factors of 41032852?
2, 7, 37, 39607
What are the prime factors of 1534908144?
2, 3, 7, 11, 41, 1447
List the prime factors of 18694559.
13, 193, 7451
List the prime factors of 881784288.
2, 3, 7, 11, 17, 2339
What are the prime factors of 165657424?
2, 10353589
List the prime factors of 300398603.
8563, 35081
List the prime factors of 1671297384.
2, 3, 1283, 54277
What are the prime factors of 1504426610?
2, 5, 227, 662743
List the prime factors of 60266101.
7, 8609443
What are the prime factors of 4097874109?
7, 41, 14278307
What are the prime factors of 912069375?
3, 5, 7, 69491
What are the prime factors of 763333943?
367, 1051, 1979
What are the prime factors of 333010314?
2, 3, 7, 13, 17, 11959
List the prime factors of 167432696.
2, 37, 565651
List the prime factors of 11197559.
211, 53069
What are the prime factors of 1507035494?
2, 3719, 202613
List the prime factors of 119639466.
2, 3, 19, 353, 991
List the prime factors of 253345104.
2, 3, 281, 2087
List the prime factors of 1645112645.
5, 11, 607, 49277
List the prime factors of 840758227.
19, 29, 1525877
What are the prime factors of 145820519?
13, 2357, 4759
What are the prime factors of 614888184?
2, 3, 19, 89, 109, 139
What are the prime factors of 278099126?
2, 2687, 51749
List the prime factors of 408084071.
19, 21478109
List the prime factors of 332721764.
2, 83180441
List the prime factors of 1808595334.
2, 7, 13, 103, 96479
What are the prime factors of 4187901860?
2, 5, 2089, 100237
What are the prime factors of 757043750?
2, 5, 59, 2053
List